= 2*r**2 - 23*r + 16. Let t be y(12). Suppose -s + o = -t, -5*o - 35 - 5 = -s. What is the remainder when 110 is divided by s?
10
Let o(f) = f**3 + 7*f**2 + 20*f + 157. What is the remainder when 202 + (-1)/((28/(-8))/(-7)) is divided by o(-7)?
13
What is the remainder when 89 is divided by 31 + 2 - (-48 + 58)?
20
Suppose -131 - 101 = -4*y. Let o = y + -38. Suppose 25*h - 241 = 34. Calculate the remainder when o is divided by h.
9
Calculate the remainder when 19/(437/138)*1*5 is divided by 1.
0
Let m(a) = -a**2 + 16 + 21 - 8 - 12*a - 7. Calculate the remainder when 84 is divided by m(-12).
18
Let b = 3 - -21. Let s be ((-208)/b)/((-2)/(-6)). Let j = s - -52. What is the remainder when 29 is divided by j?
3
Let w(m) = -13*m - 178. Let z be (-456)/(-19)*4/(-6). What is the remainder when 114 is divided by w(z)?
24
Suppose -2*x + 4*f = -80, -4*x - 2*f = -71 - 49. What is the remainder when 269 is divided by x?
13
Suppose -5*u + 72 = 22. Let l(k) = -k**2 + 13*k - 13. What is the remainder when ((-2)/(-2))/(u/680) is divided by l(9)?
22
Let v be 842/(-18) - (2/(-9))/(-1). Let w = v + 67. Let h = w - 9. Calculate the remainder when 43 is divided by h.
10
Let n(g) = g**3 + 4*g**2 - 66*g + 91. What is the remainder when 658 is divided by n(-10)?
54
Let h(n) = 142*n + 1665. What is the remainder when h(-8) is divided by 131?
5
Suppose 32232 = 13*q - 7*q. Suppose -q = -56*z - 1956. What is the remainder when z is divided by 59?
2
Let b = -1702 - -1737. Calculate the remainder when 58 is divided by b.
23
Suppose 5*w - 4552 = -5*t + 2323, -5548 = -4*t + 4*w. What is the remainder when t is divided by 19?
13
Let u(h) = -6*h**3 - 15*h**2 + 10*h + 18. Calculate the remainder when 105 is divided by u(-3).
0
Suppose -144*a = 626 - 10820 - 8382. Calculate the remainder when 3740 is divided by a.
128
Suppose -995 = -3*t + 313. Let h be t/18 + (-2)/9. Suppose 0 = 3*b - h - 18. What is the remainder when 40 is divided by b?
12
Suppose 97 = 12*v + 13. Suppose -6*f + v*f - 4*r = 67, -3*f = 2*r - 145. Calculate the remainder when f is divided by 4.
3
Let l be ((-1)/(5/6))/(119/85 + -1). Let w(m) = -7*m**2 - m + 2. Let z be w(-2). What is the remainder when ((-30)/z)/((9/(-516))/l) is divided by 36?
35
Let j = -20014 + 20018. What is the remainder when 269 is divided by j?
1
Suppose 0 = 2*z - 28 - 22. Calculate the remainder when z is divided by (0 - 4 - -6)*(-85)/(-34).
0
What is the remainder when 216 is divided by (-18)/2 - (-4 - (33 + 18))?
32
Let w be 177 + 8 + -12 + 3. Let s = w - 150. What is the remainder when 59 is divided by s?
7
Suppose f = -0*f + 33. Let w = -58 - -68. Suppose 167 = -w*a + 817. Calculate the remainder when a is divided by f.
32
Let a(k) = -2*k**3 - 10*k**2 + 3*k - 7. Let x be a(-7). Suppose -r = 2*q - 24, q - 5*r + 2*r = -2. Calculate the remainder when 21/2*576/x is divided by q.
6
Suppose 17842 = 5808*a - 5786*a. Calculate the remainder when a is divided by 14.
13
Suppose -222 = -71*z + 784 - 83. Let t = 174 + -9. Calculate the remainder when t is divided by z.
9
Let r(l) = l**3 + 26*l**2 + 27*l + 42. Let g be r(-25). What is the remainder when -2*(130/6)/(g/12) is divided by 18?
11
Let u(a) = a**3 - 6*a**2 + 7*a - 10. Let h be (-72)/(-16) - 3/(-2). Calculate the remainder when 125 is divided by u(h).
29
Let a = 240 - 217. Let q = 12 + a. Suppose 4*n - 12 = 2*n. Calculate the remainder when q is divided by n.
5
Suppose 0 = j + p - 1, 3*p = 4*j - 19 + 1. What is the remainder when (5 - (-2 + j)) + 3 + 1055 is divided by 14?
12
Let g(r) = r**2 + 13*r + 24. Let x be g(-11). Suppose 3 = -3*c + 9, x*c - 24 = -5*d. What is the remainder when 36/(d/(4/1)) is divided by 10?
6
Let f(m) = 2*m**2 - 4*m - 2. Suppose -174 = -2*h - 162, 3*d - 96 = 4*h. What is the remainder when f(-8) is divided by d?
38
Suppose -2*t + 74 = -4*o, 0 = -31*t + 33*t - o - 74. Let w(y) = 14*y**2 + 2*y + 1. Calculate the remainder when t is divided by w(-1).
11
Let u(m) = -m**3 - 29*m**2 - 31*m - 70. Suppose 12*h + 36 = -300. Let r be u(h). Suppose 5*q - r = 151. What is the remainder when q is divided by 6?
3
Let r = 39 + 24. Let f = 246 + -244. Suppose -z + f*y + 6 = 0, 14*y + 44 = 4*z + 10*y. Calculate the remainder when r is divided by z.
15
Let p = 12 - 4. Let k = -577 - -588. Suppose 229 = k*j + 9. What is the remainder when j is divided by p?
4
Suppose 5*b = -5*h + 67 + 53, 2*h = 5*b - 99. Let q = -145999 + 146004. Calculate the remainder when b is divided by q.
1
Calculate the remainder when ((-899)/(-2))/((-20)/(-120)) is divided by 60.
57
Calculate the remainder when (2/(-8))/((-739)/6612572) is divided by 12.
5
Calculate the remainder when 17685 is divided by ((-22)/4)/(((-5)/(-25))/((-70)/175)).
8
Let s(p) = 4*p**3 - 108*p**2 + 9*p + 101. What is the remainder when 349 is divided by s(27)?
5
Let b = 1779 - 1257. Suppose 7*t = t + b. Calculate the remainder when t is divided by (-10)/((0 + -1)/1).
7
Suppose 2*t - 111 = -w, 16*w - 13*w = t + 326. Calculate the remainder when w is divided by 57.
52
Let z be (5 + 0)/((-51)/1887). Let s = z + 254. Calculate the remainder when s is divided by 22.
3
Calculate the remainder when ((-114)/(-4) + -4)/((-5)/(-370)) - -5 is divided by 130.
128
Suppose 0 = -142*t + 140*t. Suppose -4*z + 2*z + 214 = t. Let k = -11 + 23. What is the remainder when z is divided by k?
11
Let c = -7228 - -7437. Calculate the remainder when 5431 is divided by c.
206
Let g be 2/(-4)*9*(-424)/954. Calculate the remainder when 7/(g + 36/(-20)) is divided by 19.
16
Let i = 23 + 13. Calculate the remainder when i is divided by 1/10 + (-4 - 1674/(-60)).
12
What is the remainder when (30 - 54259/(-609)) + (-4)/42 is divided by 24?
23
Let t(s) = -2*s**2 - 36*s + 20. Let a(m) = -m**2 - 9*m - 26. Let j be a(-8). What is the remainder when 77 is divided by t(j)?
17
Let z = 14075 + -13852. What is the remainder when z is divided by 124?
99
Let d(k) = k**2 + k + 44. Let i be d(0). Let l = i + -18. Let r(v) = -v**2 + 147*v - 1165. What is the remainder when r(9) is divided by l?
25
Let m(z) = -z**3 + 6*z**2 + 7*z - 6. Calculate the remainder when (2583/84 + 2 + 2)/(1/4) is divided by m(6).
31
Suppose 2*h - 60 = -3*h. Let z(u) = -u + 7. Let w be 888/(-36) + 2/(-6). Calculate the remainder when z(w) is divided by h.
8
Let l(a) = -a + 5. Let n be l(11). Let d be (1 + -4)*n/(-9). Let f(q) = q**2 + q. Calculate the remainder when 2 is divided by f(d).
0
Let s = -57 + 107. Suppose -3*p + 5*o + 31 = 0, -p - 5*o - 27 = -2*p. Suppose -i + 15 = p. Calculate the remainder when s is divided by i.
11
Calculate the remainder when (7/(7/(-2972)))/(-1) + 47 + -52 is divided by 14.
13
Suppose -3*f = f + 32. Let h = 5 - f. Suppose 21*s = 29*s - 56. What is the remainder when h is divided by s?
6
Let r(q) = q**2 - 18*q + 75. Suppose 20 = -2*f + 32. Let d(g) = g**2 + 4*g + 7. What is the remainder when d(-5) is divided by r(f)?
0
Let i = 6384 - 6381. What is the remainder when 24 is divided by i?
0
Suppose -4*x + 1796 = 5*o, -6*o + 2*o = 2*x - 1438. Suppose 3*f - 1338 = -o. What is the remainder when f is divided by 47?
44
Suppose 5*k = 47 + 13. Let t = -35 - -56. What is the remainder when k is divided by (-1)/(-7) - (-144)/t?
5
Calculate the remainder when 5325 is divided by (-2765)/(-25) - (20 - (-816)/(-40)).
108
Suppose 0 = -0*o + 4*o - 16. Calculate the remainder when 230 is divided by 264/(-12)*(-6)/o.
32
Let w be 8/(-68) + 4/34. Suppose w = -3*s + 5 + 19. Suppose 0 = -5*n + 1 + 34. Calculate the remainder when s is divided by n.
1
Suppose -34*n - 35 = -41*n. What is the remainder when 3362/22 + (-22)/(-121) + n is divided by 32?
30
Suppose -5*z - 27*i + 29*i = -100, 0 = 5*z - 5*i - 100. Suppose 32*r - 1944 = z*r. Calculate the remainder when r is divided by 4.
2
Let x(s) = s**3 - 2*s**2 - s - 3. Let f be x(3). What is the remainder when -7 + -1*160/(-28)*70/5 is divided by 86/6 + 2/f?
13
Let c = -6722 + 7855. Calculate the remainder when c is divided by 81.
80
Suppose 2*y + 778 = 3*n, -5*n - 2*y = -1890 + 556. What is the remainder when 757 is divided by n?
229
Let r(l) = 7*l**3 + 29*l**2 - 26*l + 20. What is the remainder when r(6) is divided by 2412?
8
Let g(k) = -22*k + 3. Let r be g(2). Let z = r + 54. What is the remainder when z is divided by 2/(-8) + 105/20?
3
